= -3383*x - 27059. Determine m(-8).
5
Let x(d) = 4*d**2 + 1296*d - 5252. Calculate x(-328).
-4
Let j(b) = b**3 + 315*b**2 + 1919*b + 20100. What is j(-309)?
15
Let l(n) = -2*n**2 - 97*n + 2600. Determine l(-74).
-1174
Let x(w) = -401*w - 59376. Give x(-148).
-28
Let q(c) = -2073*c - 163817. Calculate q(-79).
-50
Let r(b) = 8*b**2 + 955*b + 6614. Calculate r(-7).
321
Let x(o) = -3*o**3 - 14*o**2 - 39*o - 37. Determine x(-2).
9
Let l(r) = 1856*r + 3959. Determine l(-1).
2103
Let k(t) = 2*t**3 + 230*t**2 + 6914*t + 18050. Determine k(-59).
-4
Let z(d) = -d**3 + 53*d**2 + 25*d - 1381. Calculate z(53).
-56
Let p(c) = 22*c**3 + 484*c**2 - 131*c - 2887. Give p(-22).
-5
Let o(q) = q**3 + 202*q**2 + 2476*q - 29335. Determine o(-188).
-7
Let h(r) = -r**3 - 869*r**2 - 93005*r - 3729. Calculate h(-744).
-9
Let d(t) = -t**3 - 18*t**2 - 680*t - 13007. Determine d(-19).
274
Let h(q) = 2*q**3 - 698*q**2 + 694*q + 802. Determine h(348).
106
Let j(w) = w**3 + 20*w**2 + 35219*w + 668808. Determine j(-19).
8
Let g(b) = 16139*b + 500317. Determine g(-31).
8
Let d(j) = -j**3 + 23*j**2 - 19*j - 1363. Calculate d(13).
80
Let p(n) = 51*n**2 + 1653*n + 8245. Give p(-5).
1255
Let s(n) = n**2 + 213*n + 8143. Give s(-157).
-649
Let m(g) = -1483*g + 39957. Determine m(27).
-84
Let w(a) = -2*a**3 + 64*a**2 + 44*a - 1550. Determine w(33).
-2276
Let b(q) = q**2 - 135*q + 1195. Determine b(78).
-3251
Let d(p) = 7*p**3 + 154*p**2 - 165*p - 2. Determine d(-23).
90
Let j(l) = -1444*l - 213623. Calculate j(-148).
89
Let c(y) = -54*y**2 - 1650*y - 2455. What is c(-29)?
-19
Let v(l) = -27*l**2 - 1133*l - 57. Give v(-42).
-99
Let r(s) = -20*s**2 - 9872*s + 108550. Determine r(11).
-2462
Let f(k) = 179*k**2 - 3122*k + 3121. Calculate f(1).
178
Let i(q) = 25493*q + 509876. Calculate i(-20).
16
Let u(g) = -24031*g + 1057355. What is u(44)?
-9
Let a(r) = 20*r - 318. Calculate a(1).
-298
Let s(l) = l**3 - 318*l**2 + 5685*l - 69. Give s(19).
7
Let c(b) = 1952*b - 5842. Calculate c(3).
14
Let u(c) = -2*c**3 + 17*c**2 + 92*c - 1553. Determine u(11).
-1146
Let g(h) = 12*h**3 + 214*h**2 - 99*h - 1140. Calculate g(-18).
-6
Let w(l) = 5*l**3 - 3*l**2 + 12*l - 105. Calculate w(5).
505
Let z(v) = v**2 - 541*v + 6253. Calculate z(12).
-95
Let w(c) = -305*c**2 - 1193*c + 57. Give w(-4).
-51
Let a(t) = t**2 - 28280*t + 84827. What is a(3)?
-4
Let s(i) = 479*i + 3654. Calculate s(-8).
-178
Let d(w) = -1040*w + 174724. Determine d(168).
4
Let h(c) = -275*c + 2611. Give h(9).
136
Let n(f) = f**2 + 119*f - 1357. Calculate n(11).
73
Let x(j) = -1169*j**3 + 2*j**2 - 11*j - 12. Calculate x(-1).
1170
Let p(o) = -596*o**2 + 26254*o - 1328. Calculate p(44).
-8
Let v(g) = 2*g**3 + 24*g**2 + 390*g + 1913. Calculate v(-6).
5
Let s(j) = 1680*j + 8121. What is s(-5)?
-279
Let q(p) = -p**3 + 388*p**2 - 2276*p - 6081. Calculate q(382).
31
Let p(t) = -895*t - 58038. What is p(-65)?
137
Let f(n) = n**3 - 129*n**2 - 117*n - 1140. What is f(130)?
550
Let r(t) = t**2 + 95*t - 93. What is r(-102)?
621
Let y(j) = -999*j - 320029. Determine y(-320).
-349
Let q(d) = -351*d + 6005. Determine q(18).
-313
Let k(x) = -665*x + 3255. Give k(6).
-735
Let q(k) = -k**3 + 39*k**2 - 140*k + 28. Give q(4).
28
Let m(a) = 18*a**2 + 589*a + 1921. Determine m(-29).
-22
Let c(j) = -16*j**3 - 431*j**2 + 29*j + 41. Determine c(-27).
-13
Let z(i) = i**3 + 63*i**2 + 705*i - 92. Calculate z(-15).
133
Let t(v) = -12*v**2 + 133*v + 189. What is t(12)?
57
Let t(q) = 1347*q - 335820. Give t(249).
-417
Let x(g) = -206*g**3 + 396*g**2 + 254*g - 451. What is x(2)?
-7
Let u(y) = -3*y**2 + 168*y - 2222. Determine u(35).
-17
Let s(i) = -i**2 - 56*i + 17. What is s(16)?
-1135
Let n(m) = -34*m**2 + 603*m + 2332. Calculate n(-4).
-624
Let p(m) = -17*m - 486. Calculate p(-77).
823
Let i(t) = -2*t**2 + 165*t - 3446. Calculate i(37).
-79
Let h(l) = -98*l**2 - 4180*l - 158. Calculate h(-43).
-1620
Let i(s) = -s**3 - 51*s**2 + 246*s + 7436. Calculate i(-53).
16
Let p(j) = -j**3 + 84*j**2 + 107*j + 5578. Give p(86).
-12
Let u(x) = -x**3 + 17*x**2 - 72*x + 505. Calculate u(17).
-719
Let l(m) = -2*m**2 + 1292*m - 13976. Calculate l(11).
-6
Let n(t) = -3250*t + 100. Give n(0).
100
Let z(f) = 5*f**3 - 3*f**2 - 41*f - 48. What is z(-4)?
-252
Let t(w) = -4627*w + 41321. Give t(9).
-322
Let a(h) = 235*h**2 - 525*h + 525. Determine a(1).
235
Let n(f) = 4*f**3 - 90*f**2 + 370*f - 7686. Determine n(23).
1882
Let b(y) = 451*y**2 + 3634*y + 2. Give b(-8).
-206
Let u(g) = 2*g**2 - 659*g - 24254. Determine u(-33).
-329
Let i(z) = -z**3 - 259*z**2 - 6536*z - 15610. Give i(-231).
98
Let p(l) = -l**3 + 588*l**2 - 76234*l - 394. What is p(395)?
1
Let x(q) = -59*q - 1501. Calculate x(-24).
-85
Let y(z) = -4787*z - 220224. Determine y(-46).
-22
Let v(p) = 2*p**3 - 19*p**2 + 24*p - 554. Determine v(11).
73
Let i(s) = 6489*s + 739747. Give i(-114).
1
Let y(b) = -435*b - 4622. Determine y(-8).
-1142
Let z(k) = -2*k**3 + k**2 + 117*k + 365. What is z(-3)?
77
Let r(c) = 8*c**3 - 631*c**2 + 3426*c + 373. Determine r(73).
8
Let r(d) = -102035*d - 2244800. What is r(-22)?
-30
Let l(j) = -3597*j + 3227. What is l(1)?
-370
Let u(k) = -978*k**2 - 141815*k - 723. What is u(-145)?
2
Let m(q) = 387*q - 38350. Calculate m(99).
-37
Let i(g) = -2*g**2 + 84724*g + 677933. Calculate i(-8).
13
Let g(q) = -2*q**3 + 108*q**2 - 1304*q + 149. Determine g(18).
5
Let b(k) = -5414*k + 54140. What is b(10)?
0
Let w(y) = -571492*y + 3428930. Determine w(6).
-22
Let o(a) = 3408*a**2 + 27284*a + 169. What is o(-8)?
9
Let v(k) = -5*k**3 + 2412*k**2 + 4728*k - 190. Determine v(-2).
42
Let t(r) = -6*r**3 - 63*r**2 - 63*r + 94. What is t(-6)?
-500
Let z(j) = -j**3 - 27*j**2 - 341*j - 8211. Calculate z(-26).
-21
Let w(b) = -6*b**3 + b**2 - 1124*b - 6697. Give w(-6).
1379
Let v(l) = -20*l**2 - 232*l - 40. What is v(-11)?
92
Let a(r) = 2200*r - 967941. What is a(440)?
59
Let s(q) = -2643*q + 15837. What is s(6)?
-21
Let z(h) = -187*h + 10818. Determine z(58).
-28
Let m(a) = -6*a**3 - 41*a**2 - 99*a - 35. Calculate m(-2).
47
Let f(c) = 2*c**3 - 134*c**2 - 126*c - 881. Calculate f(68).
-201
Let h(p) = 71480*p + 3073649. Calculate h(-43).
9
Let s(m) = 70*m - 23076. Calculate s(329).
-46
Let s(p) = 13*p**2 + 556*p + 5042. Calculate s(-13).
11
Let i(c) = -2*c**3 + 201*c**2 - 91*c - 1187. What is i(100)?
-287
Let b(d) = -10*d**3 + 3405*d**2 - 1736*d + 12233. Give b(340).
-7
Let u(n) = -1093*n + 13088. Calculate u(11).
1065
Let d(v) = 3*v**3 - 524*v**2 + 3837*v + 668. Give d(167).
0
Let a(g) = -2*g**3 + 237*g**2 + 112*g + 2. What is a(119)?
-831
Let j(f) = 439*f + 10885. Determine j(-23).
788
Let g(j) = -13*j**3 + 10*j**2 + 1245*j - 2507. Give g(2).
-81
Let z(p) = -11698*p + 3474343. Give z(297).
37
Let t(s) = -s**2 + 12*s + 400. Give t(-15).
-5
Let k(x) = 491*x - 19674. Determine k(39).
-525
Let g(s) = 27*s**2 + 238*s - 1138. Give g(-11).
-489
Let x(g) = g**2 - 39*g - 113. Determine x(41).
-31
Let i(x) = -407*x**2 + 1110*x + 330. Determine i(3).
-3
Let o(g) = 5995*g + 467608. Calculate o(-78).
-2
Let y(o) = -342*o - 20923. What is y(-73)?
4043
Let o(r) = -r**2 - 162*r + 2486. Calculate o(14).
22
Let k(s) = 25*s**3 - 38*s**2 - 7*s + 61. Give k(-4).
-2119
Let l(n) = -9*n**3 + 58*n**2 + 3340*n - 20193. What is l(6)?
-9
Let a(k) = 38*k**2 - 1795*k - 1294. Determine a(48).
98
Let g(x) = -53*x**3 - 7*x**2 + 38*x + 145. What is g(-3)?
1399
Let r(q) = -3*q**2 + 690*q + 8645. Give r(-12).
-67
Let j(z) = -z**3 + 289*z**2 + 1708*z + 21. Determine j(-6).
393
Let f(r) = 11*r**2 + 1115*r - 648. Give f(-102).
66
Let y(j) = 161*j**2 + 72*j - 73. Give y(1).
160
Let y(s) = -280*s - 4453. Give y(-16).
27
Let b(w) = 140*w + 35829. Determine b(-256).
-11
Let r(f) = 28*f + 1010. What is r(-55)?
-530
Let l(m) = -m**3 - 991*m**2 - 6887*m + 6. Calculate l(-7).
-1
Let f(j) = -45*j**2 - 264*j + 299. Give f(-7).
-58
Let d(t) = t**3 - 92*t**2 - 9*t + 761. Calculate d(92).
-67
Let u(b) = -b**2 + 93*b + 8277. Determine u(148).
137
Let q(j) = 11854*j + 71174. Determine q(-6).
50
Let m(a) = -a**2 - 1089*a - 22914. Give m(-22).
560
Let m(h) = 14497*h - 956797. What is m(66)?
5
Let l(n) = 1724*n - 167219. Give l(97).
9
Let c(t) = 7*t**2 - 8515*t - 397335. Calculate c(-45).
15
Let s(j) = -3426*j - 64727. Give s(-19).
367
Let t(m) = -17*m**2 + 170*m + 848. Cal